{"id":839,"date":"2021-11-09T22:23:41","date_gmt":"2021-11-09T21:23:41","guid":{"rendered":"https:\/\/www.elen.krounix.org\/?page_id=839"},"modified":"2021-11-09T22:39:45","modified_gmt":"2021-11-09T21:39:45","slug":"tous-les-articles","status":"publish","type":"page","link":"https:\/\/www.elen.krounix.org\/index.php\/tous-les-articles\/","title":{"rendered":"Articles"},"content":{"rendered":"\n<div style=\"height:29px\" aria-hidden=\"true\" class=\"wp-block-spacer\"><\/div>\n\n\n\n<h4>Par date<\/h4>\n\n\n<ul class=\" wp-block-archives-list wp-block-archives\">\t<li><a href='https:\/\/www.elen.krounix.org\/index.php\/2022\/03\/'>mars 2022<\/a><\/li>\n\t<li><a href='https:\/\/www.elen.krounix.org\/index.php\/2022\/02\/'>f\u00e9vrier 2022<\/a><\/li>\n\t<li><a href='https:\/\/www.elen.krounix.org\/index.php\/2021\/11\/'>novembre 2021<\/a><\/li>\n\t<li><a href='https:\/\/www.elen.krounix.org\/index.php\/2021\/10\/'>octobre 2021<\/a><\/li>\n<\/ul>\n\n\n<h4>Par cat\u00e9gories<\/h4>\n\n\n<ul class=\"wp-block-categories-list wp-block-categories\">\t<li class=\"cat-item cat-item-19\"><a href=\"https:\/\/www.elen.krounix.org\/index.php\/category\/amour\/\">Amour<\/a>\n<\/li>\n\t<li class=\"cat-item cat-item-55\"><a href=\"https:\/\/www.elen.krounix.org\/index.php\/category\/atelier-decriture\/\">Atelier d&#039;\u00e9criture<\/a>\n<\/li>\n\t<li class=\"cat-item cat-item-10\"><a href=\"https:\/\/www.elen.krounix.org\/index.php\/category\/engagement\/\">Engagement<\/a>\n<\/li>\n\t<li class=\"cat-item cat-item-9\"><a href=\"https:\/\/www.elen.krounix.org\/index.php\/category\/famille\/\">Famille<\/a>\n<\/li>\n\t<li class=\"cat-item cat-item-8\"><a href=\"https:\/\/www.elen.krounix.org\/index.php\/category\/femme\/\">Femme<\/a>\n<\/li>\n\t<li class=\"cat-item cat-item-15\"><a href=\"https:\/\/www.elen.krounix.org\/index.php\/category\/nouveau-realisme\/\">Nouveau R\u00e9alisme<\/a>\n<\/li>\n\t<li class=\"cat-item cat-item-58\"><a href=\"https:\/\/www.elen.krounix.org\/index.php\/category\/policier\/\">Policier<\/a>\n<\/li>\n\t<li class=\"cat-item cat-item-16\"><a href=\"https:\/\/www.elen.krounix.org\/index.php\/category\/polyphonie-des-voix\/\">Polyphonie des voix<\/a>\n<\/li>\n<\/ul>","protected":false},"excerpt":{"rendered":"<p>Par date Par cat\u00e9gories<\/p>\n","protected":false},"author":1,"featured_media":0,"parent":0,"menu_order":0,"comment_status":"closed","ping_status":"closed","template":"","meta":{"_bbp_topic_count":0,"_bbp_reply_count":0,"_bbp_total_topic_count":0,"_bbp_total_reply_count":0,"_bbp_voice_count":0,"_bbp_anonymous_reply_count":0,"_bbp_topic_count_hidden":0,"_bbp_reply_count_hidden":0,"_bbp_forum_subforum_count":0,"site-sidebar-layout":"","site-content-layout":"","ast-main-header-display":"","ast-hfb-above-header-display":"","ast-hfb-below-header-display":"","ast-hfb-mobile-header-display":"","site-post-title":"","ast-breadcrumbs-content":"","ast-featured-img":"","footer-sml-layout":"","theme-transparent-header-meta":"","adv-header-id-meta":"","stick-header-meta":"","header-above-stick-meta":"","header-main-stick-meta":"","header-below-stick-meta":""},"yoast_head":"<!-- This site is optimized with the Yoast SEO plugin v17.7.1 - https:\/\/yoast.com\/wordpress\/plugins\/seo\/ -->\n<title>Articles - Le Roman actuel<\/title>\n<meta name=\"robots\" content=\"index, follow, max-snippet:-1, max-image-preview:large, max-video-preview:-1\" \/>\n<link rel=\"canonical\" href=\"https:\/\/www.elen.krounix.org\/index.php\/tous-les-articles\/\" \/>\n<meta property=\"og:locale\" content=\"fr_FR\" \/>\n<meta property=\"og:type\" content=\"article\" \/>\n<meta property=\"og:title\" content=\"Articles - Le Roman actuel\" \/>\n<meta property=\"og:description\" content=\"Par date Par cat\u00e9gories\" \/>\n<meta property=\"og:url\" content=\"https:\/\/www.elen.krounix.org\/index.php\/tous-les-articles\/\" \/>\n<meta property=\"og:site_name\" content=\"Le Roman actuel\" \/>\n<meta property=\"article:modified_time\" content=\"2021-11-09T21:39:45+00:00\" \/>\n<meta name=\"twitter:card\" content=\"summary_large_image\" \/>\n<script type=\"application\/ld+json\" class=\"yoast-schema-graph\">{\"@context\":\"https:\/\/schema.org\",\"@graph\":[{\"@type\":\"WebSite\",\"@id\":\"https:\/\/www.elen.krounix.org\/#website\",\"url\":\"https:\/\/www.elen.krounix.org\/\",\"name\":\"Le Roman actuel\",\"description\":\"Master \\u00c9critures, Lettres &amp; \\u00c9ditions Num\\u00e9riques (ELEN)\",\"potentialAction\":[{\"@type\":\"SearchAction\",\"target\":{\"@type\":\"EntryPoint\",\"urlTemplate\":\"https:\/\/www.elen.krounix.org\/?s={search_term_string}\"},\"query-input\":\"required name=search_term_string\"}],\"inLanguage\":\"fr-FR\"},{\"@type\":\"WebPage\",\"@id\":\"https:\/\/www.elen.krounix.org\/index.php\/tous-les-articles\/#webpage\",\"url\":\"https:\/\/www.elen.krounix.org\/index.php\/tous-les-articles\/\",\"name\":\"Articles - Le Roman actuel\",\"isPartOf\":{\"@id\":\"https:\/\/www.elen.krounix.org\/#website\"},\"datePublished\":\"2021-11-09T21:23:41+00:00\",\"dateModified\":\"2021-11-09T21:39:45+00:00\",\"breadcrumb\":{\"@id\":\"https:\/\/www.elen.krounix.org\/index.php\/tous-les-articles\/#breadcrumb\"},\"inLanguage\":\"fr-FR\",\"potentialAction\":[{\"@type\":\"ReadAction\",\"target\":[\"https:\/\/www.elen.krounix.org\/index.php\/tous-les-articles\/\"]}]},{\"@type\":\"BreadcrumbList\",\"@id\":\"https:\/\/www.elen.krounix.org\/index.php\/tous-les-articles\/#breadcrumb\",\"itemListElement\":[{\"@type\":\"ListItem\",\"position\":1,\"name\":\"Accueil\",\"item\":\"https:\/\/www.elen.krounix.org\/\"},{\"@type\":\"ListItem\",\"position\":2,\"name\":\"Articles\"}]}]}<\/script>\n<!-- \/ Yoast SEO plugin. -->","yoast_head_json":{"title":"Articles - Le Roman actuel","robots":{"index":"index","follow":"follow","max-snippet":"max-snippet:-1","max-image-preview":"max-image-preview:large","max-video-preview":"max-video-preview:-1"},"canonical":"https:\/\/www.elen.krounix.org\/index.php\/tous-les-articles\/","og_locale":"fr_FR","og_type":"article","og_title":"Articles - Le Roman actuel","og_description":"Par date Par cat\u00e9gories","og_url":"https:\/\/www.elen.krounix.org\/index.php\/tous-les-articles\/","og_site_name":"Le Roman actuel","article_modified_time":"2021-11-09T21:39:45+00:00","twitter_card":"summary_large_image","schema":{"@context":"https:\/\/schema.org","@graph":[{"@type":"WebSite","@id":"https:\/\/www.elen.krounix.org\/#website","url":"https:\/\/www.elen.krounix.org\/","name":"Le Roman actuel","description":"Master \u00c9critures, Lettres &amp; \u00c9ditions Num\u00e9riques (ELEN)","potentialAction":[{"@type":"SearchAction","target":{"@type":"EntryPoint","urlTemplate":"https:\/\/www.elen.krounix.org\/?s={search_term_string}"},"query-input":"required name=search_term_string"}],"inLanguage":"fr-FR"},{"@type":"WebPage","@id":"https:\/\/www.elen.krounix.org\/index.php\/tous-les-articles\/#webpage","url":"https:\/\/www.elen.krounix.org\/index.php\/tous-les-articles\/","name":"Articles - Le Roman actuel","isPartOf":{"@id":"https:\/\/www.elen.krounix.org\/#website"},"datePublished":"2021-11-09T21:23:41+00:00","dateModified":"2021-11-09T21:39:45+00:00","breadcrumb":{"@id":"https:\/\/www.elen.krounix.org\/index.php\/tous-les-articles\/#breadcrumb"},"inLanguage":"fr-FR","potentialAction":[{"@type":"ReadAction","target":["https:\/\/www.elen.krounix.org\/index.php\/tous-les-articles\/"]}]},{"@type":"BreadcrumbList","@id":"https:\/\/www.elen.krounix.org\/index.php\/tous-les-articles\/#breadcrumb","itemListElement":[{"@type":"ListItem","position":1,"name":"Accueil","item":"https:\/\/www.elen.krounix.org\/"},{"@type":"ListItem","position":2,"name":"Articles"}]}]}},"_links":{"self":[{"href":"https:\/\/www.elen.krounix.org\/index.php\/wp-json\/wp\/v2\/pages\/839"}],"collection":[{"href":"https:\/\/www.elen.krounix.org\/index.php\/wp-json\/wp\/v2\/pages"}],"about":[{"href":"https:\/\/www.elen.krounix.org\/index.php\/wp-json\/wp\/v2\/types\/page"}],"author":[{"embeddable":true,"href":"https:\/\/www.elen.krounix.org\/index.php\/wp-json\/wp\/v2\/users\/1"}],"replies":[{"embeddable":true,"href":"https:\/\/www.elen.krounix.org\/index.php\/wp-json\/wp\/v2\/comments?post=839"}],"version-history":[{"count":8,"href":"https:\/\/www.elen.krounix.org\/index.php\/wp-json\/wp\/v2\/pages\/839\/revisions"}],"predecessor-version":[{"id":851,"href":"https:\/\/www.elen.krounix.org\/index.php\/wp-json\/wp\/v2\/pages\/839\/revisions\/851"}],"wp:attachment":[{"href":"https:\/\/www.elen.krounix.org\/index.php\/wp-json\/wp\/v2\/media?parent=839"}],"curies":[{"name":"wp","href":"https:\/\/api.w.org\/{rel}","templated":true}]}}